{"id":2811,"date":"2023-03-05T10:44:37","date_gmt":"2023-03-05T10:44:37","guid":{"rendered":"https:\/\/chicmisscosmetics.com\/?post_type=product&#038;p=2811"},"modified":"2023-03-05T10:44:37","modified_gmt":"2023-03-05T10:44:37","slug":"la-roche-posay-effaclar-duo-40ml","status":"publish","type":"product","link":"https:\/\/chicmisscosmetics.com\/index.php\/produit\/la-roche-posay-effaclar-duo-40ml\/","title":{"rendered":"La Roche posay Effaclar Duo+ 40ml"},"content":{"rendered":"<p>Soin anti-imperfections peau grasse \u00e0 l&rsquo;acide salycilique.<\/p>\n<p>Soin complet renforc\u00e9 \u00e0 l&rsquo;efficacit\u00e9 anti-imperfections qui favorise la r\u00e9sorption rapide des boutons existants, pr\u00e9vient leur r\u00e9apparition et limite le risque de marques. Efficacit\u00e9 anti-imperfections d\u00e8s 12h. Gel-cr\u00e8me frais, hydratation 24h** et matit\u00e9 longue-dur\u00e9e. Absorption rapide pour un fini non collant et non-gras.<br \/>\n*Test instrumental, r\u00e9sultats \u00e0 12h, 43 sujets<br \/>\n** Test instrumental, sur 24 femmes<\/p>\n","protected":false},"excerpt":{"rendered":"<p>Soin anti-imperfections peau grasse \u00e0 l&rsquo;acide salycilique. Soin complet renforc\u00e9 \u00e0 l&rsquo;efficacit\u00e9 anti-imperfections qui favorise&hellip;<\/p>\n","protected":false},"featured_media":2812,"comment_status":"open","ping_status":"closed","template":"","meta":[],"pwb-brand":[],"product_brand":[],"product_cat":[83,80],"product_tag":[],"class_list":{"0":"post-2811","1":"product","2":"type-product","3":"status-publish","4":"has-post-thumbnail","6":"product_cat-soin-anti-imperfections","7":"product_cat-soins","9":"first","10":"instock","11":"shipping-taxable","12":"purchasable","13":"product-type-simple","14":"layout-style-2","15":"col-md-4 col-sm-4 col-xs-6","16":"col-lg-3","17":"product-has-gallery","18":"product-style-addtocart"},"brands":[],"_links":{"self":[{"href":"https:\/\/chicmisscosmetics.com\/index.php\/wp-json\/wp\/v2\/product\/2811","targetHints":{"allow":["GET"]}}],"collection":[{"href":"https:\/\/chicmisscosmetics.com\/index.php\/wp-json\/wp\/v2\/product"}],"about":[{"href":"https:\/\/chicmisscosmetics.com\/index.php\/wp-json\/wp\/v2\/types\/product"}],"replies":[{"embeddable":true,"href":"https:\/\/chicmisscosmetics.com\/index.php\/wp-json\/wp\/v2\/comments?post=2811"}],"wp:featuredmedia":[{"embeddable":true,"href":"https:\/\/chicmisscosmetics.com\/index.php\/wp-json\/wp\/v2\/media\/2812"}],"wp:attachment":[{"href":"https:\/\/chicmisscosmetics.com\/index.php\/wp-json\/wp\/v2\/media?parent=2811"}],"wp:term":[{"taxonomy":"pwb-brand","embeddable":true,"href":"https:\/\/chicmisscosmetics.com\/index.php\/wp-json\/wp\/v2\/pwb-brand?post=2811"},{"taxonomy":"product_brand","embeddable":true,"href":"https:\/\/chicmisscosmetics.com\/index.php\/wp-json\/wp\/v2\/product_brand?post=2811"},{"taxonomy":"product_cat","embeddable":true,"href":"https:\/\/chicmisscosmetics.com\/index.php\/wp-json\/wp\/v2\/product_cat?post=2811"},{"taxonomy":"product_tag","embeddable":true,"href":"https:\/\/chicmisscosmetics.com\/index.php\/wp-json\/wp\/v2\/product_tag?post=2811"}],"curies":[{"name":"wp","href":"https:\/\/api.w.org\/{rel}","templated":true}]}}