{"id":3300,"date":"2023-04-06T20:52:18","date_gmt":"2023-04-06T19:52:18","guid":{"rendered":"https:\/\/chicmisscosmetics.com\/?post_type=product&#038;p=3300"},"modified":"2023-04-06T20:52:19","modified_gmt":"2023-04-06T19:52:19","slug":"huda-beauty-rose-quartz-palette","status":"publish","type":"product","link":"https:\/\/chicmisscosmetics.com\/index.php\/produit\/huda-beauty-rose-quartz-palette\/","title":{"rendered":"HUDA BEAUTY &#8211; Rose Quartz Palette"},"content":{"rendered":"<p>D\u00e9couvrez la palette d&rsquo;ombres \u00e0 paupi\u00e8res Rose Quartz d&rsquo;Huda Beauty inspir\u00e9e de la pierre pr\u00e9cieuse favorite d&rsquo;Huda et puisez dans le pouvoir du quartz rose. Cette palette de maquillage envo\u00fbtante est cr\u00e9\u00e9e pour insuffler un vent d&rsquo;\u00e9nergie dans votre trousse \u00e0 maquillage, elle vous permet de composer des looks remarquables avec 18 teintes ros\u00e9es aux tons telluriens, dans une d\u00e9clinaison de 5 textures pr\u00e9cieuses et faciles \u00e0 porter.<\/p>\n<p>Particularit\u00e9s de la palette Rose Quartz :<br \/>\nLa palette de fard \u00e0 paupi\u00e8res comprend : 8 teintes mates pigment\u00e9es ultra soyeuses, 3 teintes m\u00e9tallis\u00e9es ultra brillantes, 3 teintes m\u00e9tallis\u00e9es nacr\u00e9es, 3 cr\u00e8mes marbr\u00e9es multi-\u00e9clats inspir\u00e9es du quartz et 1 teinte hybride nacr\u00e9e brillante \u201c\u00e9clats de pierre\u201d !<br \/>\nLes teintes se marient parfaitement \u00e0 toutes les carnations et ont \u00e9t\u00e9 sp\u00e9cialement con\u00e7ues pour \u00eatre universellement \u00e9clatantes et \u00e9blouissantes.<br \/>\nCette palette pour les yeux permet de cr\u00e9er plus facilement que jamais une multitude de looks doux et romantiques et vous donne de l&rsquo;assurance !<br \/>\nPoints \u00e0 retenir : La palette est dot\u00e9e d&rsquo;un grand miroir, les ombres \u00e0 paupi\u00e8res ne s&rsquo;effritent pas et ne laissent pas de r\u00e9sidus.<\/p>\n","protected":false},"excerpt":{"rendered":"<p>D\u00e9couvrez la palette d&rsquo;ombres \u00e0 paupi\u00e8res Rose Quartz d&rsquo;Huda Beauty inspir\u00e9e de la pierre pr\u00e9cieuse&hellip;<\/p>\n","protected":false},"featured_media":3301,"comment_status":"open","ping_status":"closed","template":"","meta":[],"pwb-brand":[101],"product_brand":[],"product_cat":[51,56,55],"product_tag":[],"class_list":{"0":"post-3300","1":"product","2":"type-product","3":"status-publish","4":"has-post-thumbnail","6":"pwb-brand-huda-beauty","7":"product_cat-maquillage","8":"product_cat-palette","9":"product_cat-yeux","11":"first","12":"instock","13":"shipping-taxable","14":"purchasable","15":"product-type-simple","16":"layout-style-2","17":"col-md-4 col-sm-4 col-xs-6","18":"col-lg-3","19":"product-has-gallery","20":"product-style-addtocart"},"brands":[{"id":101,"name":"Huda beauty","slug":"huda-beauty"}],"_links":{"self":[{"href":"https:\/\/chicmisscosmetics.com\/index.php\/wp-json\/wp\/v2\/product\/3300","targetHints":{"allow":["GET"]}}],"collection":[{"href":"https:\/\/chicmisscosmetics.com\/index.php\/wp-json\/wp\/v2\/product"}],"about":[{"href":"https:\/\/chicmisscosmetics.com\/index.php\/wp-json\/wp\/v2\/types\/product"}],"replies":[{"embeddable":true,"href":"https:\/\/chicmisscosmetics.com\/index.php\/wp-json\/wp\/v2\/comments?post=3300"}],"wp:featuredmedia":[{"embeddable":true,"href":"https:\/\/chicmisscosmetics.com\/index.php\/wp-json\/wp\/v2\/media\/3301"}],"wp:attachment":[{"href":"https:\/\/chicmisscosmetics.com\/index.php\/wp-json\/wp\/v2\/media?parent=3300"}],"wp:term":[{"taxonomy":"pwb-brand","embeddable":true,"href":"https:\/\/chicmisscosmetics.com\/index.php\/wp-json\/wp\/v2\/pwb-brand?post=3300"},{"taxonomy":"product_brand","embeddable":true,"href":"https:\/\/chicmisscosmetics.com\/index.php\/wp-json\/wp\/v2\/product_brand?post=3300"},{"taxonomy":"product_cat","embeddable":true,"href":"https:\/\/chicmisscosmetics.com\/index.php\/wp-json\/wp\/v2\/product_cat?post=3300"},{"taxonomy":"product_tag","embeddable":true,"href":"https:\/\/chicmisscosmetics.com\/index.php\/wp-json\/wp\/v2\/product_tag?post=3300"}],"curies":[{"name":"wp","href":"https:\/\/api.w.org\/{rel}","templated":true}]}}