{"id":3387,"date":"2023-04-12T22:17:01","date_gmt":"2023-04-12T21:17:01","guid":{"rendered":"https:\/\/chicmisscosmetics.com\/?post_type=product&#038;p=3387"},"modified":"2023-04-12T23:27:29","modified_gmt":"2023-04-12T22:27:29","slug":"cerave-serum-retinol-anti-marques-30-ml","status":"publish","type":"product","link":"https:\/\/chicmisscosmetics.com\/index.php\/produit\/cerave-serum-retinol-anti-marques-30-ml\/","title":{"rendered":"CeraVe S\u00e9rum R\u00e9tinol Anti-Marques 30 ml"},"content":{"rendered":"<p>CeraVe S\u00e9rum R\u00e9tinol Anti-Marques 30 ml est un soin con\u00e7u pour r\u00e9duire l&rsquo;apparence des marques post-imperfections et resserrer les pores. Il aide \u00e0 restaurer la barri\u00e8re protectrice de la peau et am\u00e9liore le grain de peau.<br \/>\nSa formule associe :<\/p>\n<p>R\u00e9tinol encapsul\u00e9 qui aide \u00e0 lisser la texture de la peau, exfolie et acc\u00e9l\u00e8re le renouvellement cellulaire sans irriter.<br \/>\nExtrait de racine de r\u00e9glisse qui illumine, lisse le grain de peau et att\u00e9nue les signes d&rsquo;hyperpigmentation.<br \/>\nNiacinamide qui apaise la peau en douceur, aide \u00e0 r\u00e9duire les sensations d&rsquo;irritation et r\u00e9duit les rougeurs.<br \/>\nAcide hyaluronique qui aide \u00e0 maintenir l&rsquo;hydratation.<br \/>\n3 c\u00e9ramides essentiels (1, 3, 6-II) qui aident \u00e0 restaurer la barri\u00e8re cutan\u00e9e.<br \/>\nTechnologie MVE, une technologie brevet\u00e9e qui lib\u00e8re en continu des ingr\u00e9dients hydratants toute la journ\u00e9e.<br \/>\nSa texture gel-cr\u00e8me p\u00e9n\u00e8tre rapidement dans la peau pour un fini peau non gras et non collant.<\/p>\n<p>Hypoallerg\u00e9nique. Non com\u00e9dog\u00e8ne. Sans parfum.<\/p>\n","protected":false},"excerpt":{"rendered":"<p>CeraVe S\u00e9rum R\u00e9tinol Anti-Marques 30 ml est un soin con\u00e7u pour r\u00e9duire l&rsquo;apparence des marques&hellip;<\/p>\n","protected":false},"featured_media":3411,"comment_status":"open","ping_status":"closed","template":"","meta":[],"pwb-brand":[91],"product_brand":[],"product_cat":[82,80],"product_tag":[],"class_list":{"0":"post-3387","1":"product","2":"type-product","3":"status-publish","4":"has-post-thumbnail","6":"pwb-brand-cerave","7":"product_cat-soin-hydratant-nourrissant","8":"product_cat-soins","10":"first","11":"instock","12":"shipping-taxable","13":"purchasable","14":"product-type-simple","15":"layout-style-2","16":"col-md-4 col-sm-4 col-xs-6","17":"col-lg-3","18":"product-has-gallery","19":"product-style-addtocart"},"brands":[{"id":91,"name":"CERAVE","slug":"cerave"}],"_links":{"self":[{"href":"https:\/\/chicmisscosmetics.com\/index.php\/wp-json\/wp\/v2\/product\/3387","targetHints":{"allow":["GET"]}}],"collection":[{"href":"https:\/\/chicmisscosmetics.com\/index.php\/wp-json\/wp\/v2\/product"}],"about":[{"href":"https:\/\/chicmisscosmetics.com\/index.php\/wp-json\/wp\/v2\/types\/product"}],"replies":[{"embeddable":true,"href":"https:\/\/chicmisscosmetics.com\/index.php\/wp-json\/wp\/v2\/comments?post=3387"}],"wp:featuredmedia":[{"embeddable":true,"href":"https:\/\/chicmisscosmetics.com\/index.php\/wp-json\/wp\/v2\/media\/3411"}],"wp:attachment":[{"href":"https:\/\/chicmisscosmetics.com\/index.php\/wp-json\/wp\/v2\/media?parent=3387"}],"wp:term":[{"taxonomy":"pwb-brand","embeddable":true,"href":"https:\/\/chicmisscosmetics.com\/index.php\/wp-json\/wp\/v2\/pwb-brand?post=3387"},{"taxonomy":"product_brand","embeddable":true,"href":"https:\/\/chicmisscosmetics.com\/index.php\/wp-json\/wp\/v2\/product_brand?post=3387"},{"taxonomy":"product_cat","embeddable":true,"href":"https:\/\/chicmisscosmetics.com\/index.php\/wp-json\/wp\/v2\/product_cat?post=3387"},{"taxonomy":"product_tag","embeddable":true,"href":"https:\/\/chicmisscosmetics.com\/index.php\/wp-json\/wp\/v2\/product_tag?post=3387"}],"curies":[{"name":"wp","href":"https:\/\/api.w.org\/{rel}","templated":true}]}}