{"id":3891,"date":"2026-01-08T11:14:04","date_gmt":"2026-01-08T10:14:04","guid":{"rendered":"https:\/\/chicmisscosmetics.com\/?post_type=product&#038;p=3891"},"modified":"2026-01-08T11:14:04","modified_gmt":"2026-01-08T10:14:04","slug":"centella-tone-brightening-tone-up-sunscreen-50-ml","status":"publish","type":"product","link":"https:\/\/chicmisscosmetics.com\/index.php\/produit\/centella-tone-brightening-tone-up-sunscreen-50-ml\/","title":{"rendered":"CENTELLA Tone Brightening Tone-Up Sunscreen 50 ml"},"content":{"rendered":"<p>Vous cherchez un produit qui prot\u00e8ge contre les rayons du soleil tout en apportant de la fra\u00eecheur \u00e0 votre peau ? Le fluide teint\u00e9 protecteur pour illuminer la peau SKIN1004 Madagaskar Centella Tone Brightening Tone-Up Sunscreen lisse la peau frip\u00e9e et att\u00e9nue les rides.<\/p>\n<p>Il redonne de l\u2019\u00e9lasticit\u00e9 aux cellules et restaure ainsi l\u2019aspect sain de la peau. Gr\u00e2ce \u00e0 son facteur de protection solaire \u00e9lev\u00e9, il prot\u00e8ge contre les rayons UVA et UVB. Profitez d\u2019une peau \u00e9clatante de jeunesse et prot\u00e9g\u00e9e du soleil toute la journ\u00e9e.<\/p>\n<p><strong>Caract\u00e9ristiques :<\/strong><\/p>\n<p>assure une protection \u00e9lev\u00e9e contre les rayons UVA et UVB<br \/>\nredonne \u00e0 la peau rel\u00e2ch\u00e9e toute sa jeunesse<br \/>\nrevitalise la peau<br \/>\nrenouvelle la souplesse des cellules cutan\u00e9es<br \/>\ndonne \u00e0 la peau une apparence saine<br \/>\nillumine et tonifie la peau<\/p>\n<p><strong>Ingr\u00e9dients :<\/strong><\/p>\n<p>acide tranexamique \u2013 r\u00e9duit efficacement les taches pigmentaires fonc\u00e9es<br \/>\nfacteur de protection solaire SPF 50+ \u2013 prot\u00e8ge la peau contre les rayons solaires<\/p>\n<p><strong>Application :<\/strong><\/p>\n<p>\u00c0 la fin de votre routine de soins du visage quotidienne, appliquez une quantit\u00e9 raisonnable de SKIN1004 Madagaskar Centella Tone Brightening Tone-Up Sunscreen sur la peau.<\/p>\n","protected":false},"excerpt":{"rendered":"<p>Vous cherchez un produit qui prot\u00e8ge contre les rayons du soleil tout en apportant de&hellip;<\/p>\n","protected":false},"featured_media":3892,"comment_status":"open","ping_status":"closed","template":"","meta":[],"pwb-brand":[249],"product_brand":[],"product_cat":[223,80],"product_tag":[],"class_list":{"0":"post-3891","1":"product","2":"type-product","3":"status-publish","4":"has-post-thumbnail","6":"pwb-brand-centella","7":"product_cat-cremes-huiles-solaire","8":"product_cat-soins","10":"first","11":"instock","12":"shipping-taxable","13":"purchasable","14":"product-type-simple","15":"layout-style-2","16":"col-md-4 col-sm-4 col-xs-6","17":"col-lg-3","18":"product-has-gallery","19":"product-style-addtocart"},"brands":[{"id":249,"name":"CENTELLA","slug":"centella"}],"_links":{"self":[{"href":"https:\/\/chicmisscosmetics.com\/index.php\/wp-json\/wp\/v2\/product\/3891","targetHints":{"allow":["GET"]}}],"collection":[{"href":"https:\/\/chicmisscosmetics.com\/index.php\/wp-json\/wp\/v2\/product"}],"about":[{"href":"https:\/\/chicmisscosmetics.com\/index.php\/wp-json\/wp\/v2\/types\/product"}],"replies":[{"embeddable":true,"href":"https:\/\/chicmisscosmetics.com\/index.php\/wp-json\/wp\/v2\/comments?post=3891"}],"wp:featuredmedia":[{"embeddable":true,"href":"https:\/\/chicmisscosmetics.com\/index.php\/wp-json\/wp\/v2\/media\/3892"}],"wp:attachment":[{"href":"https:\/\/chicmisscosmetics.com\/index.php\/wp-json\/wp\/v2\/media?parent=3891"}],"wp:term":[{"taxonomy":"pwb-brand","embeddable":true,"href":"https:\/\/chicmisscosmetics.com\/index.php\/wp-json\/wp\/v2\/pwb-brand?post=3891"},{"taxonomy":"product_brand","embeddable":true,"href":"https:\/\/chicmisscosmetics.com\/index.php\/wp-json\/wp\/v2\/product_brand?post=3891"},{"taxonomy":"product_cat","embeddable":true,"href":"https:\/\/chicmisscosmetics.com\/index.php\/wp-json\/wp\/v2\/product_cat?post=3891"},{"taxonomy":"product_tag","embeddable":true,"href":"https:\/\/chicmisscosmetics.com\/index.php\/wp-json\/wp\/v2\/product_tag?post=3891"}],"curies":[{"name":"wp","href":"https:\/\/api.w.org\/{rel}","templated":true}]}}